{"id":261,"date":"2023-01-13T06:59:03","date_gmt":"2023-01-13T05:59:03","guid":{"rendered":"https:\/\/vdinformatique.fr\/?page_id=261"},"modified":"2023-01-20T10:22:00","modified_gmt":"2023-01-20T09:22:00","slug":"ordinateur","status":"publish","type":"page","link":"https:\/\/vdinformatique.fr\/index.php\/ordinateur\/","title":{"rendered":"Ordinateur"},"content":{"rendered":"\t\t<div data-elementor-type=\"wp-page\" data-elementor-id=\"261\" class=\"elementor elementor-261\">\n\t\t\t\t\t\t<section class=\"elementor-section elementor-top-section elementor-element elementor-element-b707635 elementor-section-boxed elementor-section-height-default elementor-section-height-default\" data-id=\"b707635\" data-element_type=\"section\" data-e-type=\"section\">\n\t\t\t\t\t\t<div class=\"elementor-container elementor-column-gap-default\">\n\t\t\t\t\t<div class=\"elementor-column elementor-col-100 elementor-top-column elementor-element elementor-element-c46b7e3\" data-id=\"c46b7e3\" data-element_type=\"column\" data-e-type=\"column\">\n\t\t\t<div class=\"elementor-widget-wrap elementor-element-populated\">\n\t\t\t\t\t\t<div class=\"elementor-element elementor-element-6dbba24 elementor-widget elementor-widget-spacer\" data-id=\"6dbba24\" data-element_type=\"widget\" data-e-type=\"widget\" data-widget_type=\"spacer.default\">\n\t\t\t\t<div class=\"elementor-widget-container\">\n\t\t\t\t\t\t\t<div class=\"elementor-spacer\">\n\t\t\t<div class=\"elementor-spacer-inner\"><\/div>\n\t\t<\/div>\n\t\t\t\t\t\t<\/div>\n\t\t\t\t<\/div>\n\t\t\t\t<div class=\"elementor-element elementor-element-665b7d4 elementor-widget elementor-widget-image\" data-id=\"665b7d4\" data-element_type=\"widget\" data-e-type=\"widget\" data-widget_type=\"image.default\">\n\t\t\t\t<div class=\"elementor-widget-container\">\n\t\t\t\t\t\t\t\t\t\t\t\t\t\t\t<img decoding=\"async\" width=\"150\" height=\"150\" src=\"https:\/\/vdinformatique.fr\/wp-content\/uploads\/2023\/01\/pc-150x150.png\" class=\"attachment-thumbnail size-thumbnail wp-image-193\" alt=\"Ordinateur fixe ou portable\" srcset=\"https:\/\/vdinformatique.fr\/wp-content\/uploads\/2023\/01\/pc-150x150.png 150w, https:\/\/vdinformatique.fr\/wp-content\/uploads\/2023\/01\/pc-300x300.png 300w, https:\/\/vdinformatique.fr\/wp-content\/uploads\/2023\/01\/pc.png 512w\" sizes=\"(max-width: 150px) 100vw, 150px\" \/>\t\t\t\t\t\t\t\t\t\t\t\t\t\t\t<\/div>\n\t\t\t\t<\/div>\n\t\t\t\t\t<\/div>\n\t\t<\/div>\n\t\t\t\t\t<\/div>\n\t\t<\/section>\n\t\t\t\t<section class=\"elementor-section elementor-top-section elementor-element elementor-element-7976b93 elementor-section-boxed elementor-section-height-default elementor-section-height-default\" data-id=\"7976b93\" data-element_type=\"section\" data-e-type=\"section\">\n\t\t\t\t\t\t<div class=\"elementor-container elementor-column-gap-default\">\n\t\t\t\t\t<div class=\"elementor-column elementor-col-100 elementor-top-column elementor-element elementor-element-e212496\" data-id=\"e212496\" data-element_type=\"column\" data-e-type=\"column\">\n\t\t\t<div class=\"elementor-widget-wrap elementor-element-populated\">\n\t\t\t\t\t\t<div class=\"elementor-element elementor-element-bb1df44 elementor-widget elementor-widget-heading\" data-id=\"bb1df44\" data-element_type=\"widget\" data-e-type=\"widget\" data-widget_type=\"heading.default\">\n\t\t\t\t<div class=\"elementor-widget-container\">\n\t\t\t\t\t<h2 class=\"elementor-heading-title elementor-size-default\">Pour configurer, r\u00e9parer et utiliser votre PC<\/h2>\t\t\t\t<\/div>\n\t\t\t\t<\/div>\n\t\t\t\t\t<\/div>\n\t\t<\/div>\n\t\t\t\t\t<\/div>\n\t\t<\/section>\n\t\t\t\t<section class=\"elementor-section elementor-top-section elementor-element elementor-element-e36c300 elementor-section-boxed elementor-section-height-default elementor-section-height-default\" data-id=\"e36c300\" data-element_type=\"section\" data-e-type=\"section\">\n\t\t\t\t\t\t<div class=\"elementor-container elementor-column-gap-default\">\n\t\t\t\t\t<div class=\"elementor-column elementor-col-100 elementor-top-column elementor-element elementor-element-7c9bd4c\" data-id=\"7c9bd4c\" data-element_type=\"column\" data-e-type=\"column\">\n\t\t\t<div class=\"elementor-widget-wrap elementor-element-populated\">\n\t\t\t\t\t\t<div class=\"elementor-element elementor-element-77115dd elementor-widget elementor-widget-text-editor\" data-id=\"77115dd\" data-element_type=\"widget\" data-e-type=\"widget\" data-widget_type=\"text-editor.default\">\n\t\t\t\t<div class=\"elementor-widget-container\">\n\t\t\t\t\t\t\t\t\t<p>L&#8217;ordinateur est devenu incontournable ! Avoir un PC fiable et pleinement fonctionnel devient vital. VDInformatique vous propose de vous accompagner dans le choix de votre mat\u00e9riel, de le configurer, de l&#8217;entretenir et de le r\u00e9parer.<\/p>\t\t\t\t\t\t\t\t<\/div>\n\t\t\t\t<\/div>\n\t\t\t\t<div class=\"elementor-element elementor-element-3f96326 elementor-widget elementor-widget-spacer\" data-id=\"3f96326\" data-element_type=\"widget\" data-e-type=\"widget\" data-widget_type=\"spacer.default\">\n\t\t\t\t<div class=\"elementor-widget-container\">\n\t\t\t\t\t\t\t<div class=\"elementor-spacer\">\n\t\t\t<div class=\"elementor-spacer-inner\"><\/div>\n\t\t<\/div>\n\t\t\t\t\t\t<\/div>\n\t\t\t\t<\/div>\n\t\t\t\t\t<\/div>\n\t\t<\/div>\n\t\t\t\t\t<\/div>\n\t\t<\/section>\n\t\t\t\t<section class=\"elementor-section elementor-top-section elementor-element elementor-element-72df8c8 elementor-section-boxed elementor-section-height-default elementor-section-height-default\" data-id=\"72df8c8\" data-element_type=\"section\" data-e-type=\"section\">\n\t\t\t\t\t\t<div class=\"elementor-container elementor-column-gap-default\">\n\t\t\t\t\t<div class=\"elementor-column elementor-col-100 elementor-top-column elementor-element elementor-element-85e19b4\" data-id=\"85e19b4\" data-element_type=\"column\" data-e-type=\"column\">\n\t\t\t<div class=\"elementor-widget-wrap elementor-element-populated\">\n\t\t\t\t\t\t<div class=\"elementor-element elementor-element-b24be6c elementor-align-center elementor-widget elementor-widget-button\" data-id=\"b24be6c\" data-element_type=\"widget\" data-e-type=\"widget\" data-widget_type=\"button.default\">\n\t\t\t\t<div class=\"elementor-widget-container\">\n\t\t\t\t\t\t\t\t\t<div class=\"elementor-button-wrapper\">\n\t\t\t\t\t<a class=\"elementor-button elementor-button-link elementor-size-sm elementor-animation-grow\" href=\"https:\/\/vdinformatique.fr\/index.php\/contacter-vdinformatique\/\">\n\t\t\t\t\t\t<span class=\"elementor-button-content-wrapper\">\n\t\t\t\t\t\t<span class=\"elementor-button-icon\">\n\t\t\t\t<i aria-hidden=\"true\" class=\"fas fa-phone-alt\"><\/i>\t\t\t<\/span>\n\t\t\t\t\t\t\t\t\t<span class=\"elementor-button-text\">Contacter nous<\/span>\n\t\t\t\t\t<\/span>\n\t\t\t\t\t<\/a>\n\t\t\t\t<\/div>\n\t\t\t\t\t\t\t\t<\/div>\n\t\t\t\t<\/div>\n\t\t\t\t\t<\/div>\n\t\t<\/div>\n\t\t\t\t\t<\/div>\n\t\t<\/section>\n\t\t\t\t<section class=\"elementor-section elementor-top-section elementor-element elementor-element-131bc37 elementor-section-boxed elementor-section-height-default elementor-section-height-default\" data-id=\"131bc37\" data-element_type=\"section\" data-e-type=\"section\">\n\t\t\t\t\t\t<div class=\"elementor-container elementor-column-gap-default\">\n\t\t\t\t\t<div class=\"elementor-column elementor-col-100 elementor-top-column elementor-element elementor-element-92981ca\" data-id=\"92981ca\" data-element_type=\"column\" data-e-type=\"column\">\n\t\t\t<div class=\"elementor-widget-wrap elementor-element-populated\">\n\t\t\t\t\t\t<div class=\"elementor-element elementor-element-1ae3d53 elementor-align-center elementor-widget elementor-widget-button\" data-id=\"1ae3d53\" data-element_type=\"widget\" data-e-type=\"widget\" data-widget_type=\"button.default\">\n\t\t\t\t<div class=\"elementor-widget-container\">\n\t\t\t\t\t\t\t\t\t<div class=\"elementor-button-wrapper\">\n\t\t\t\t\t<a class=\"elementor-button elementor-button-link elementor-size-sm elementor-animation-shrink\" href=\"https:\/\/vdinformatique.fr\/index.php\/menu-services\/\">\n\t\t\t\t\t\t<span class=\"elementor-button-content-wrapper\">\n\t\t\t\t\t\t<span class=\"elementor-button-icon\">\n\t\t\t\t<i aria-hidden=\"true\" class=\"fas fa-arrow-circle-left\"><\/i>\t\t\t<\/span>\n\t\t\t\t\t\t\t\t\t<span class=\"elementor-button-text\">Besoin d'un autre service ? <\/span>\n\t\t\t\t\t<\/span>\n\t\t\t\t\t<\/a>\n\t\t\t\t<\/div>\n\t\t\t\t\t\t\t\t<\/div>\n\t\t\t\t<\/div>\n\t\t\t\t<div class=\"elementor-element elementor-element-7c19b4f elementor-widget elementor-widget-spacer\" data-id=\"7c19b4f\" data-element_type=\"widget\" data-e-type=\"widget\" data-widget_type=\"spacer.default\">\n\t\t\t\t<div class=\"elementor-widget-container\">\n\t\t\t\t\t\t\t<div class=\"elementor-spacer\">\n\t\t\t<div class=\"elementor-spacer-inner\"><\/div>\n\t\t<\/div>\n\t\t\t\t\t\t<\/div>\n\t\t\t\t<\/div>\n\t\t\t\t\t<\/div>\n\t\t<\/div>\n\t\t\t\t\t<\/div>\n\t\t<\/section>\n\t\t\t\t<section class=\"elementor-section elementor-top-section elementor-element elementor-element-f8da27e elementor-section-boxed elementor-section-height-default elementor-section-height-default\" data-id=\"f8da27e\" data-element_type=\"section\" data-e-type=\"section\">\n\t\t\t\t\t\t<div class=\"elementor-container elementor-column-gap-default\">\n\t\t\t\t\t<div class=\"elementor-column elementor-col-100 elementor-top-column elementor-element elementor-element-8c7499b\" data-id=\"8c7499b\" data-element_type=\"column\" data-e-type=\"column\">\n\t\t\t<div class=\"elementor-widget-wrap elementor-element-populated\">\n\t\t\t\t\t\t<div class=\"elementor-element elementor-element-f064279 elementor-widget elementor-widget-heading\" data-id=\"f064279\" data-element_type=\"widget\" data-e-type=\"widget\" data-widget_type=\"heading.default\">\n\t\t\t\t<div class=\"elementor-widget-container\">\n\t\t\t\t\t<h2 class=\"elementor-heading-title elementor-size-default\">D\u00e9ploiement de 120 ordinateurs portables  pour le t\u00e9l\u00e9travail <\/h2>\t\t\t\t<\/div>\n\t\t\t\t<\/div>\n\t\t\t\t\t<\/div>\n\t\t<\/div>\n\t\t\t\t\t<\/div>\n\t\t<\/section>\n\t\t\t\t<section class=\"elementor-section elementor-top-section elementor-element elementor-element-4f94bed elementor-section-boxed elementor-section-height-default elementor-section-height-default\" data-id=\"4f94bed\" data-element_type=\"section\" data-e-type=\"section\">\n\t\t\t\t\t\t<div class=\"elementor-container elementor-column-gap-default\">\n\t\t\t\t\t<div class=\"elementor-column elementor-col-50 elementor-top-column elementor-element elementor-element-1ae58f8\" data-id=\"1ae58f8\" data-element_type=\"column\" data-e-type=\"column\">\n\t\t\t<div class=\"elementor-widget-wrap elementor-element-populated\">\n\t\t\t\t\t\t<div class=\"elementor-element elementor-element-eded3dc elementor-widget elementor-widget-image\" data-id=\"eded3dc\" data-element_type=\"widget\" data-e-type=\"widget\" data-widget_type=\"image.default\">\n\t\t\t\t<div class=\"elementor-widget-container\">\n\t\t\t\t\t\t\t\t\t\t\t\t\t\t\t<img fetchpriority=\"high\" decoding=\"async\" width=\"300\" height=\"225\" src=\"https:\/\/vdinformatique.fr\/wp-content\/uploads\/2023\/01\/IMG_20201127_083647-300x225.jpg\" class=\"attachment-medium size-medium wp-image-355\" alt=\"Portable\" srcset=\"https:\/\/vdinformatique.fr\/wp-content\/uploads\/2023\/01\/IMG_20201127_083647-300x225.jpg 300w, https:\/\/vdinformatique.fr\/wp-content\/uploads\/2023\/01\/IMG_20201127_083647-1024x768.jpg 1024w, https:\/\/vdinformatique.fr\/wp-content\/uploads\/2023\/01\/IMG_20201127_083647-768x576.jpg 768w, https:\/\/vdinformatique.fr\/wp-content\/uploads\/2023\/01\/IMG_20201127_083647-1536x1152.jpg 1536w, https:\/\/vdinformatique.fr\/wp-content\/uploads\/2023\/01\/IMG_20201127_083647-2048x1536.jpg 2048w\" sizes=\"(max-width: 300px) 100vw, 300px\" \/>\t\t\t\t\t\t\t\t\t\t\t\t\t\t\t<\/div>\n\t\t\t\t<\/div>\n\t\t\t\t\t<\/div>\n\t\t<\/div>\n\t\t\t\t<div class=\"elementor-column elementor-col-50 elementor-top-column elementor-element elementor-element-97635d0\" data-id=\"97635d0\" data-element_type=\"column\" data-e-type=\"column\">\n\t\t\t<div class=\"elementor-widget-wrap elementor-element-populated\">\n\t\t\t\t\t\t<div class=\"elementor-element elementor-element-cb9be33 elementor-widget elementor-widget-image\" data-id=\"cb9be33\" data-element_type=\"widget\" data-e-type=\"widget\" data-widget_type=\"image.default\">\n\t\t\t\t<div class=\"elementor-widget-container\">\n\t\t\t\t\t\t\t\t\t\t\t\t\t\t\t<img decoding=\"async\" width=\"300\" height=\"225\" src=\"https:\/\/vdinformatique.fr\/wp-content\/uploads\/2023\/01\/IMG_20201209_093934-300x225.jpg\" class=\"attachment-medium size-medium wp-image-357\" alt=\"pc portable cartons\" srcset=\"https:\/\/vdinformatique.fr\/wp-content\/uploads\/2023\/01\/IMG_20201209_093934-300x225.jpg 300w, https:\/\/vdinformatique.fr\/wp-content\/uploads\/2023\/01\/IMG_20201209_093934-1024x768.jpg 1024w, https:\/\/vdinformatique.fr\/wp-content\/uploads\/2023\/01\/IMG_20201209_093934-768x576.jpg 768w, https:\/\/vdinformatique.fr\/wp-content\/uploads\/2023\/01\/IMG_20201209_093934-1536x1152.jpg 1536w, https:\/\/vdinformatique.fr\/wp-content\/uploads\/2023\/01\/IMG_20201209_093934-2048x1536.jpg 2048w\" sizes=\"(max-width: 300px) 100vw, 300px\" \/>\t\t\t\t\t\t\t\t\t\t\t\t\t\t\t<\/div>\n\t\t\t\t<\/div>\n\t\t\t\t\t<\/div>\n\t\t<\/div>\n\t\t\t\t\t<\/div>\n\t\t<\/section>\n\t\t\t\t<\/div>\n\t\t","protected":false},"excerpt":{"rendered":"<p>Pour configurer, r\u00e9parer et utiliser votre PC L&#8217;ordinateur est devenu incontournable ! Avoir un PC fiable et pleinement fonctionnel devient vital. VDInformatique vous propose de vous accompagner dans le choix de votre mat\u00e9riel, de le configurer, de l&#8217;entretenir et de le r\u00e9parer. Contacter nous Besoin d&#8217;un autre service ? D\u00e9ploiement de 120 ordinateurs portables pour [&hellip;]<\/p>\n","protected":false},"author":1,"featured_media":0,"parent":0,"menu_order":0,"comment_status":"closed","ping_status":"closed","template":"","meta":{"footnotes":""},"class_list":["post-261","page","type-page","status-publish","hentry"],"yoast_head":"<!-- This site is optimized with the Yoast SEO plugin v27.2 - https:\/\/yoast.com\/product\/yoast-seo-wordpress\/ -->\n<title>Ordinateur - VDInformatique R\u00e9paration ordinateur<\/title>\n<meta name=\"description\" content=\"r\u00e9paration, conception, assemblage de pc fixe et portable toutes marques. Evaluer la r\u00e9parabilit\u00e9 et le cout de votre mat\u00e9riel .\" \/>\n<meta name=\"robots\" content=\"index, follow, max-snippet:-1, max-image-preview:large, max-video-preview:-1\" \/>\n<link rel=\"canonical\" href=\"https:\/\/vdinformatique.fr\/index.php\/ordinateur\/\" \/>\n<meta property=\"og:locale\" content=\"en_US\" \/>\n<meta property=\"og:type\" content=\"article\" \/>\n<meta property=\"og:title\" content=\"Ordinateur - VDInformatique R\u00e9paration ordinateur\" \/>\n<meta property=\"og:description\" content=\"r\u00e9paration, conception, assemblage de pc fixe et portable toutes marques. Evaluer la r\u00e9parabilit\u00e9 et le cout de votre mat\u00e9riel .\" \/>\n<meta property=\"og:url\" content=\"https:\/\/vdinformatique.fr\/index.php\/ordinateur\/\" \/>\n<meta property=\"og:site_name\" content=\"VDInformatique\" \/>\n<meta property=\"article:modified_time\" content=\"2023-01-20T09:22:00+00:00\" \/>\n<meta property=\"og:image\" content=\"http:\/\/vdinformatique.fr\/wp-content\/uploads\/2023\/01\/pc-150x150.png\" \/>\n<meta name=\"twitter:card\" content=\"summary_large_image\" \/>\n<meta name=\"twitter:label1\" content=\"Est. reading time\" \/>\n\t<meta name=\"twitter:data1\" content=\"1 minute\" \/>\n<script type=\"application\/ld+json\" class=\"yoast-schema-graph\">{\"@context\":\"https:\/\/schema.org\",\"@graph\":[{\"@type\":\"WebPage\",\"@id\":\"https:\/\/vdinformatique.fr\/index.php\/ordinateur\/\",\"url\":\"https:\/\/vdinformatique.fr\/index.php\/ordinateur\/\",\"name\":\"Ordinateur - VDInformatique R\u00e9paration ordinateur\",\"isPartOf\":{\"@id\":\"https:\/\/vdinformatique.fr\/#website\"},\"primaryImageOfPage\":{\"@id\":\"https:\/\/vdinformatique.fr\/index.php\/ordinateur\/#primaryimage\"},\"image\":{\"@id\":\"https:\/\/vdinformatique.fr\/index.php\/ordinateur\/#primaryimage\"},\"thumbnailUrl\":\"http:\/\/vdinformatique.fr\/wp-content\/uploads\/2023\/01\/pc-150x150.png\",\"datePublished\":\"2023-01-13T05:59:03+00:00\",\"dateModified\":\"2023-01-20T09:22:00+00:00\",\"description\":\"r\u00e9paration, conception, assemblage de pc fixe et portable toutes marques. Evaluer la r\u00e9parabilit\u00e9 et le cout de votre mat\u00e9riel .\",\"breadcrumb\":{\"@id\":\"https:\/\/vdinformatique.fr\/index.php\/ordinateur\/#breadcrumb\"},\"inLanguage\":\"en-US\",\"potentialAction\":[{\"@type\":\"ReadAction\",\"target\":[\"https:\/\/vdinformatique.fr\/index.php\/ordinateur\/\"]}]},{\"@type\":\"ImageObject\",\"inLanguage\":\"en-US\",\"@id\":\"https:\/\/vdinformatique.fr\/index.php\/ordinateur\/#primaryimage\",\"url\":\"http:\/\/vdinformatique.fr\/wp-content\/uploads\/2023\/01\/pc-150x150.png\",\"contentUrl\":\"http:\/\/vdinformatique.fr\/wp-content\/uploads\/2023\/01\/pc-150x150.png\"},{\"@type\":\"BreadcrumbList\",\"@id\":\"https:\/\/vdinformatique.fr\/index.php\/ordinateur\/#breadcrumb\",\"itemListElement\":[{\"@type\":\"ListItem\",\"position\":1,\"name\":\"Accueil\",\"item\":\"http:\/\/vdinformatique.fr\/\"},{\"@type\":\"ListItem\",\"position\":2,\"name\":\"Ordinateur\"}]},{\"@type\":\"WebSite\",\"@id\":\"https:\/\/vdinformatique.fr\/#website\",\"url\":\"https:\/\/vdinformatique.fr\/\",\"name\":\"VDInformatique\",\"description\":\"\",\"publisher\":{\"@id\":\"https:\/\/vdinformatique.fr\/#organization\"},\"potentialAction\":[{\"@type\":\"SearchAction\",\"target\":{\"@type\":\"EntryPoint\",\"urlTemplate\":\"https:\/\/vdinformatique.fr\/?s={search_term_string}\"},\"query-input\":{\"@type\":\"PropertyValueSpecification\",\"valueRequired\":true,\"valueName\":\"search_term_string\"}}],\"inLanguage\":\"en-US\"},{\"@type\":\"Organization\",\"@id\":\"https:\/\/vdinformatique.fr\/#organization\",\"name\":\"VDInformatique\",\"url\":\"https:\/\/vdinformatique.fr\/\",\"logo\":{\"@type\":\"ImageObject\",\"inLanguage\":\"en-US\",\"@id\":\"https:\/\/vdinformatique.fr\/#\/schema\/logo\/image\/\",\"url\":\"https:\/\/vdinformatique.fr\/wp-content\/uploads\/2023\/01\/cropped-VDI-HD.jpg\",\"contentUrl\":\"https:\/\/vdinformatique.fr\/wp-content\/uploads\/2023\/01\/cropped-VDI-HD.jpg\",\"width\":782,\"height\":500,\"caption\":\"VDInformatique\"},\"image\":{\"@id\":\"https:\/\/vdinformatique.fr\/#\/schema\/logo\/image\/\"}}]}<\/script>\n<!-- \/ Yoast SEO plugin. -->","yoast_head_json":{"title":"Ordinateur - VDInformatique R\u00e9paration ordinateur","description":"r\u00e9paration, conception, assemblage de pc fixe et portable toutes marques. Evaluer la r\u00e9parabilit\u00e9 et le cout de votre mat\u00e9riel .","robots":{"index":"index","follow":"follow","max-snippet":"max-snippet:-1","max-image-preview":"max-image-preview:large","max-video-preview":"max-video-preview:-1"},"canonical":"https:\/\/vdinformatique.fr\/index.php\/ordinateur\/","og_locale":"en_US","og_type":"article","og_title":"Ordinateur - VDInformatique R\u00e9paration ordinateur","og_description":"r\u00e9paration, conception, assemblage de pc fixe et portable toutes marques. Evaluer la r\u00e9parabilit\u00e9 et le cout de votre mat\u00e9riel .","og_url":"https:\/\/vdinformatique.fr\/index.php\/ordinateur\/","og_site_name":"VDInformatique","article_modified_time":"2023-01-20T09:22:00+00:00","og_image":[{"url":"http:\/\/vdinformatique.fr\/wp-content\/uploads\/2023\/01\/pc-150x150.png","type":"","width":"","height":""}],"twitter_card":"summary_large_image","twitter_misc":{"Est. reading time":"1 minute"},"schema":{"@context":"https:\/\/schema.org","@graph":[{"@type":"WebPage","@id":"https:\/\/vdinformatique.fr\/index.php\/ordinateur\/","url":"https:\/\/vdinformatique.fr\/index.php\/ordinateur\/","name":"Ordinateur - VDInformatique R\u00e9paration ordinateur","isPartOf":{"@id":"https:\/\/vdinformatique.fr\/#website"},"primaryImageOfPage":{"@id":"https:\/\/vdinformatique.fr\/index.php\/ordinateur\/#primaryimage"},"image":{"@id":"https:\/\/vdinformatique.fr\/index.php\/ordinateur\/#primaryimage"},"thumbnailUrl":"http:\/\/vdinformatique.fr\/wp-content\/uploads\/2023\/01\/pc-150x150.png","datePublished":"2023-01-13T05:59:03+00:00","dateModified":"2023-01-20T09:22:00+00:00","description":"r\u00e9paration, conception, assemblage de pc fixe et portable toutes marques. Evaluer la r\u00e9parabilit\u00e9 et le cout de votre mat\u00e9riel .","breadcrumb":{"@id":"https:\/\/vdinformatique.fr\/index.php\/ordinateur\/#breadcrumb"},"inLanguage":"en-US","potentialAction":[{"@type":"ReadAction","target":["https:\/\/vdinformatique.fr\/index.php\/ordinateur\/"]}]},{"@type":"ImageObject","inLanguage":"en-US","@id":"https:\/\/vdinformatique.fr\/index.php\/ordinateur\/#primaryimage","url":"http:\/\/vdinformatique.fr\/wp-content\/uploads\/2023\/01\/pc-150x150.png","contentUrl":"http:\/\/vdinformatique.fr\/wp-content\/uploads\/2023\/01\/pc-150x150.png"},{"@type":"BreadcrumbList","@id":"https:\/\/vdinformatique.fr\/index.php\/ordinateur\/#breadcrumb","itemListElement":[{"@type":"ListItem","position":1,"name":"Accueil","item":"http:\/\/vdinformatique.fr\/"},{"@type":"ListItem","position":2,"name":"Ordinateur"}]},{"@type":"WebSite","@id":"https:\/\/vdinformatique.fr\/#website","url":"https:\/\/vdinformatique.fr\/","name":"VDInformatique","description":"","publisher":{"@id":"https:\/\/vdinformatique.fr\/#organization"},"potentialAction":[{"@type":"SearchAction","target":{"@type":"EntryPoint","urlTemplate":"https:\/\/vdinformatique.fr\/?s={search_term_string}"},"query-input":{"@type":"PropertyValueSpecification","valueRequired":true,"valueName":"search_term_string"}}],"inLanguage":"en-US"},{"@type":"Organization","@id":"https:\/\/vdinformatique.fr\/#organization","name":"VDInformatique","url":"https:\/\/vdinformatique.fr\/","logo":{"@type":"ImageObject","inLanguage":"en-US","@id":"https:\/\/vdinformatique.fr\/#\/schema\/logo\/image\/","url":"https:\/\/vdinformatique.fr\/wp-content\/uploads\/2023\/01\/cropped-VDI-HD.jpg","contentUrl":"https:\/\/vdinformatique.fr\/wp-content\/uploads\/2023\/01\/cropped-VDI-HD.jpg","width":782,"height":500,"caption":"VDInformatique"},"image":{"@id":"https:\/\/vdinformatique.fr\/#\/schema\/logo\/image\/"}}]}},"_links":{"self":[{"href":"https:\/\/vdinformatique.fr\/index.php\/wp-json\/wp\/v2\/pages\/261","targetHints":{"allow":["GET"]}}],"collection":[{"href":"https:\/\/vdinformatique.fr\/index.php\/wp-json\/wp\/v2\/pages"}],"about":[{"href":"https:\/\/vdinformatique.fr\/index.php\/wp-json\/wp\/v2\/types\/page"}],"author":[{"embeddable":true,"href":"https:\/\/vdinformatique.fr\/index.php\/wp-json\/wp\/v2\/users\/1"}],"replies":[{"embeddable":true,"href":"https:\/\/vdinformatique.fr\/index.php\/wp-json\/wp\/v2\/comments?post=261"}],"version-history":[{"count":8,"href":"https:\/\/vdinformatique.fr\/index.php\/wp-json\/wp\/v2\/pages\/261\/revisions"}],"predecessor-version":[{"id":360,"href":"https:\/\/vdinformatique.fr\/index.php\/wp-json\/wp\/v2\/pages\/261\/revisions\/360"}],"wp:attachment":[{"href":"https:\/\/vdinformatique.fr\/index.php\/wp-json\/wp\/v2\/media?parent=261"}],"curies":[{"name":"wp","href":"https:\/\/api.w.org\/{rel}","templated":true}]}}